. What is h(k)?
-2
Suppose -5*n + 9*t = 8*t - 8, -4*t - 32 = 0. Let q(i) = -i**3 + i**2 + 2*i + 82. Calculate q(n).
82
Let w(l) be the first derivative of -9*l**2/2 + 210*l - 10498. Determine w(23).
3
Let j(s) = -15*s + 1. Let z(v) = -41*v - 1. Let h(m) = -7*j(m) + 4*z(m). Give h(0).
-11
Let f(i) = -3*i**2 + 7*i + 7. Let m = -6286 + 6282. Calculate f(m).
-69
Let b(o) = -o**3 - 32*o**2 + 18. Let v be (3/(-9) + (-260)/(-12))/(24/(-36)). What is b(v)?
18
Let l(b) = 1. Let s(o) = o**2 + 8*o + 6. Let k(n) = -3*l(n) + s(n). Let y = -31 + 33. Suppose y*p - 2 = 2*g - 26, -5*p + 2*g - 48 = 0. What is k(p)?
3
Let j(w) be the first derivative of 2*w**3/3 - 7*w**2/2 + 4*w + 676. Let m be 13/3 + (-1)/3. What is j(m)?
8
Let h(o) = -82*o + 26 - 82*o + 165*o. Let u be h(-23). Let y(l) = -2*l + 1 - 2*l**2 + 4*l + l**2. Determine y(u).
-2
Let f(q) be the third derivative of -q**5/10 + q**4/24 + 5*q**3/2 + q**2 - 7*q - 1. Give f(-3).
-42
Let l(h) = -8*h + 5*h**2 + 6*h + 303*h**3 - 8 - 302*h**3. Let t be l(-5). Let j(a) = -4*a**3 + 2*a**2 + a + 2. What is j(t)?
-20
Let z(j) be the third derivative of 3*j**4/8 - 43*j**3/6 - 7*j**2 + 54*j. Give z(4).
-7
Let d(q) = q - 22. Let p(j) = 20*j**2 + 7*j + 7. Let o be p(-1). Determine d(o).
-2
Let h be ((-6)/4 + 0)/((-36)/168). Let j(m) = 5*m - 13*m + h*m. Calculate j(-7).
7
Let n(k) be the second derivative of -k**7/1260 + k**6/720 - k**5/120 - k**4/3 + 2*k**3/3 + 4*k - 17. Let s(x) be the third derivative of n(x). Give s(1).
-2
Let i be ((4 - 7) + 6)*2. Let z(p) = 3*p**3 - 18*p**2 - 36*p + 30. Let o(y) = y**3 - 6*y**2 - 11*y + 9. Let c(q) = 10*o(q) - 3*z(q). Determine c(i).
-12
Suppose -2*q - 2464 = -13*q. Suppose 155 = -23*r + q. Let w(x) = -x**2 + x + 1. Determine w(r).
-5
Let q = 45 - 40. Suppose q*j = 699 + 136. Let h(s) = 3*s + j + 25*s**2 - 167 - 4*s. Determine h(1).
24
Let g(w) = w**3 + 11*w**2 + 33*w + 21. Let i be 2176/(-112) + 19 + ((-72)/(-7))/(-4). Calculate g(i).
-6
Let r(w) be the second derivative of 7*w**4/3 - w**2/2 + 64229*w. Suppose 7 = -3*y + 4*y - 3*t, -4*t = -2*y + 10. Determine r(y).
27
Let c(a) = 2*a + 1261*a**2 + 6 + 1271*a**2 - 2536*a**2. Calculate c(-4).
-66
Let f(y) = y + 3. Suppose 4*l = -3*a - 15 - 56, 3*l - 5*a + 17 = 0. Let c = -2 + -12. Let m = c - l. Determine f(m).
3
Let x(p) = -3*p**2 + p + 3. Let m(v) = 3*v**3 - 8 + 6 + 5*v**2 - 5*v - 2*v**3 + 5. Let z be m(-6). Determine x(z).
-27
Let b = -139 - -82. Let u(q) = -q**3 + 12*q**2 + 18*q - 12. Let a be u(13). Let t = b + a. Let l(g) = g**3 + 3*g**2 - 2*g + 4. Calculate l(t).
-4
Let j(s) be the third derivative of s**5/60 + s**4/12 - 19*s**3/6 - 3*s**2 - 15*s. Let h be j(-5). Let y(g) = 49 - g**2 - 4*g - 87 + 42. Give y(h).
4
Let o = 160957 + -160964. Let z(b) = b**3. Let p(v) = 3*v**3 + 8*v**2 + 8*v - 2. Let i(r) = -p(r) + 2*z(r). Calculate i(o).
9
Let r(z) be the second derivative of z**4/12 - 5*z**3/6 - 9*z**2/2 - 50*z + 77. Suppose 4*h - 22 = -2*j, 3*j - 15 = -0*j + 3*h. Determine r(j).
5
Suppose -v + 1011 - 1066 = -4*n, n = 5*v + 47. Let x(f) = -2*f**3 + 25*f**2 - 11*f - 7. What is x(n)?
5
Let z be (1022/(-9))/2 + 22/(-99). Let b = 61 + z. Let y(m) = -b*m + 5*m - m + 1 - m. Give y(0).
1
Suppose 10*p + 4*k = 5*p + 7, -5*k + 5 = 5*p. Let z(n) = 10 + 15 - 26 - n + 0*n**3 - n**p. Determine z(-2).
9
Let r be (-1)/((-4)/(-14)*(-2)/(-4)). Let h = r + 19. Let x(j) = -h - 3*j + 9 + 8*j. What is x(2)?
7
Let q(a) = -a**2 - 6*a + 17. Suppose -240*j = -248*j - 56. Determine q(j).
10
Let x(c) = -c. Let j be (-9272)/14 - 2 - (-6)/21. Let m = j - -662. Determine x(m).
2
Let k(p) = 2*p**3 + 44*p**2 - p - 31. Let r be k(-22). Let s(q) = q**2 + 7*q - 17. What is s(r)?
1
Let k(t) = 8*t**2 - 14*t - 5. Let m(q) = -3*q**2 - 10. Let g(s) = k(s) + 3*m(s). Determine g(-9).
10
Suppose 19*j - 10948 = -10872. Let b(x) be the third derivative of x**5/60 - 3*x**4/8 + 5*x**3/6 + 2*x**2. Give b(j).
-15
Let p = 289 - 282. Let o(n) = 7*n**2 - 9*n**2 - p*n + n**2. Determine o(-7).
0
Let t(w) = w**2 - 21*w + 104. Let y = 14852 - 14838. What is t(y)?
6
Let p(i) = -105*i + 81*i - 53 - 7 - 145*i**2 + 68*i**2 + 76*i**2. Calculate p(-24).
-60
Let y be (6 - 3) + (-5 - -7) + 24/(-4). Let q(r) = -35*r - 7. Determine q(y).
28
Let t = 46 + -65. Let c = 43 + t. Suppose -3*o + c = o. Let b(j) = 2*j - 9. Calculate b(o).
3
Let y(v) = v**3 + 6*v**2 - 6*v + 14. Let x(s) be the third derivative of -s**4/2 + 65*s**3/6 + 12*s**2 - 8*s. Let t be x(6). What is y(t)?
7
Let z(n) = -2*n + 21. Let j be z(7). Let b(i) = 3*i - 18. Let s be b(j). Let r(l) = 5*l**2 + 162 - 3*l**3 - 159 - 4*l + 4*l**s. Calculate r(-6).
-9
Let d(b) = 4 - 1 + 174*b - 170*b. Let n(l) = l**2 + 2*l + 1. Let v be n(-3). Determine d(v).
19
Let x(p) = -25*p**2 + 3*p - 28*p**2 - 25*p**2 + 83*p**2. Let u(m) = 4*m**2 + m + 4*m + 1 - 2*m. Let r(v) = -6*u(v) + 5*x(v). Calculate r(6).
12
Let m(l) = -l - 15. Let b be 2/(((-4)/(-90))/(160/(-800))). Determine m(b).
-6
Let v(b) = -2*b**2 + 98*b - 31. Let z(t) = 19*t - 6. Let o(c) = -6*v(c) + 31*z(c). Give o(1).
13
Suppose 1 = 13*u - 77. Suppose u*l - 54 + 18 = 0. Let n(y) = -5 + 2*y**3 + l*y**2 + 4*y**3 - 2*y**3 + y - 5*y**3. Determine n(6).
1
Let f(x) be the third derivative of -7*x**4/24 - 13*x**3 + 111*x**2. What is f(-10)?
-8
Let z(d) = -20*d**2 + 26*d**2 - 2*d**3 + d**3 + 18*d + 2*d**3 + 7 + 13. Give z(-3).
-7
Suppose -68*r - 36 = -75*r + 41. Let z(h) = -8*h + 10. Determine z(r).
-78
Suppose -5*u + 4*y - 20 = -9, 3*u - 2*y = -7. Let v = 7 + u. Let g(o) = -135*o + 54. Let x(c) = 226*c - 91. Let f(r) = -5*g(r) - 3*x(r). Calculate f(v).
-9
Let k(g) = -2*g**2 + 8*g + 7. Suppose 3*f + 5*q = 36, 2*q - 5*q + 36 = 3*f. Let j(s) = 3*s**2 - 7 - f*s - 3 + 0. Let t(z) = -5*j(z) - 8*k(z). Determine t(6).
6
Let r(n) = -6*n + 33. Let g(d) = -4*d + 13. Let f(v) = -5*g(v) + 2*r(v). Let w = -10 - -11. What is f(w)?
9
Let o = 5 - 13. Let i(w) = -5 + w**3 - 399*w**2 - w + 203*w**2 - 2 + 204*w**2. Calculate i(o).
1
Let m(v) = -13*v - 8. Let i(b) = 17*b + 11. Let k(r) = -3*i(r) - 4*m(r). What is k(3)?
2
Let q be (-210)/(-55) + ((-84)/(-33))/14. Let l(a) = 2*a**3 - 9*a**2 + 6*a - 4. Determine l(q).
4
Let y(z) = -4*z**2 - 521 - 518 + 17*z + 1051. Determine y(5).
-3
Suppose q + 4*k - 3 = 2*k, 8 = 2*k. Let o(d) = -3*d - 11. Let g(x) = -4*x - 11. Let v(t) = q*o(t) + 4*g(t). Let s = -46 + 46. Determine v(s).
11
Suppose g + 3*h - 27 = -4*g, 2*h = 4*g - 26. Let t be (12/9)/(8/12) + g. Let a(l) be the third derivative of -l**4/24 + 13*l**3/6 + 3*l**2. Calculate a(t).
5
Let i(r) = -62*r**3 - 42*r**2 - 52*r + 37. Let b(x) = 22*x**3 + 14*x**2 + 18*x - 11. Let k(l) = -17*b(l) - 6*i(l). What is k(7)?
7
Let o = -37 + 30. Let n(i) = 7*i - 6. Let h(m) be the second derivative of -10*m**3/3 + 17*m**2/2 - 42*m. Let v(c) = 6*h(c) + 17*n(c). Determine v(o).
7
Suppose -50*t - 62*t + 103 - 327 = 0. Let h(b) = 2*b**2 - 8*b - 11. Determine h(t).
13
Let t(d) = d**3 - 5*d**2 - 2*d + 6. Suppose 2*j + j = -5*c, 4*c = -4*j. Let m = -11 + j. Let n = -7 - m. Give t(n).
-18
Suppose -97 = -4*r + 2*v - 83, 3 = 3*r - 3*v. Let u(n) = -26*n + 165. Give u(r).
9
Let w(c) = c**3 - 11*c**2 - 12*c + 17. Suppose -35*s - 237 = -36*s. Let f = s + -225. Give w(f).
17
Let a be 0 - 0/((12 - 11)*(-1 + 6)). Let x(l) = -l**3 + 10. Give x(a).
10
Let x(n) = n**3 - 10*n**2 + 15*n + 2. Suppose -165*j = -15*j - 1200. What is x(j)?
-6
Let l = 9 + -19. Let g(t) be the first derivative of -t**3/3 - 9*t**2/2 + 7*t + 1512. What is g(l)?
-3
Let j(d) be the first derivative of 2/3*d**3 + 0*d - 11/2*d**2 - 1/6*d**4 - 20. Let v(q) be the second derivative of j(q). Give v(5).
-16
Let k(i) = 17*i + 205. Suppose -5*v - 92 = 4*o, 20 = -20*v + 19*v - o. Calculate k(v).
1
Let p(c) = -7*c + 93. Let b(x) = 9*x - 93. Let f(t) = -2*b(t) - 3*p(t). What is f(32)?
3
Let b = 67 - 107. Let y = 29 + b. Let g(z) = z + 2. Calculate g(y).
-9
Suppose 213 = -38*z + 365. Let b(x) = 4*x**2 - 16*x + 4. Calculate b(z).
4
Let s(f) = 24*f - 2. Let r(c) = -17*c + 66. Let p(t) = r(t) + 2*s(t). Give p(-2).
0
Let n(h) be the first derivative of -h**3/3 + 6*h**2 + 9*h + 118. Calculate n(13).
-4
Let g(v) = v + 7. Let b be g(-5). Let l(q) = b - 1 - 5*q + 2*q**3 - 2*q**2 + 2. Suppose -393*y + 38 = 2*u - 397*y, -2*u + 5*y + 46 = 0. Calculate l(u).
24
Let d(o) = -5*o**3 + 2*o - 2. Suppose t - 32 